*j + j. What is h(5)?
1
Let m(n) = 4*n + 37. Let h(p) be the third derivative of p**4/24 + 3*p**3/2 - p**2. Let u(l) = -9*h(l) + 2*m(l). Let i be (-2)/((-4)/2) + -1. Calculate u(i).
-7
Suppose 2*d + 3*c = -13, -3*d = -4*d - 3*c - 11. Let o(r) = -3*r + 2. Let z(m) = 7*m - 4. Let b(u) = -13*o(u) - 6*z(u). Give b(d).
4
Let w(o) = -2 + 3 + 4 + 3*o**3 - 4*o**3 + 7*o**2 - 7*o. Suppose -4*y - i - 2*i = -24, 6 = y - 5*i. Determine w(y).
-1
Let z(m) = -m**3 + 4*m**2 - 4*m + 1. Suppose 2*j + 6 - 2 = 0. Let v be j/4 - (-2)/4. Let g = 3 - v. Determine z(g).
-2
Let d(y) be the third derivative of -y**6/120 + y**5/15 - y**4/6 - y**3/6 + 6*y**2. Give d(3).
-4
Let d = -5 + 7. Let j(g) = 4*g - 6*g**d - 3*g - 4 - g**3 + 1 + 0*g**3. Give j(-6).
-9
Let h be 1*(0 - -1 - -1). Let f(k) = -k**3 + 2*k**2 + k - 1. Let n be f(2). Let b(g) = 3*g + 5*g - n - 6*g. Calculate b(h).
3
Let g(i) = -i - 12. Let b = -18 - -13. Give g(b).
-7
Let i(h) be the first derivative of -h**4/4 + h**3 + h**2 - 3*h - 5. Calculate i(3).
3
Let p be (3 + 0)*-1 - -7. Let y(r) = 4*r - 6*r**2 - 5*r + 1 + p*r - 4*r. What is y(1)?
-6
Suppose 0 = 3*d + 3*x + 6, d - 4*x + 2 + 5 = 0. Let f(u) = -5*u - 4. What is f(d)?
11
Let m(o) = -o**2 - 7*o - 2. Let z(u) = u**3 - 11*u**2 - 5. Let c be z(11). Give m(c).
8
Let v(j) = 9 + 8*j**2 + j**3 + 0*j**2 - 15 - 9*j. Determine v(-9).
-6
Suppose f + 2*b = -7, 4*f - 2*b - 30 = -8. Let g = f + -2. Let z(t) = -t**2 + 2*t. Give z(g).
1
Let s(p) be the first derivative of -p**5/60 + p**4/6 - p**3/6 - 2*p**2 - 3. Let q(j) be the second derivative of s(j). Give q(5).
-6
Let g(y) = -3*y**2 + 5*y + 8. Let n(z) = 2*z**2 - 5*z - 7. Let o(p) = 3*g(p) + 4*n(p). Let s = -3 - 1. Determine o(s).
0
Let i(a) = 4*a - 15. Let n(j) = 3*j - 13. Let k(b) = -4*i(b) + 5*n(b). Calculate k(9).
-14
Let y be 0/((-2)/(6/9)). Let g be (1 - 2)*-1 + y. Let b(m) = -2*m**2. Determine b(g).
-2
Let h(f) = -f**2 + 9*f - 3. Let j be h(7). Let k(s) = -3*s**2 + 4*s**2 - 3 + j*s - 13*s. Suppose q - x + 2*x = 0, 4*q - 2 = -5*x. Determine k(q).
5
Let m(f) = f**3 + 4. Let c = -4 + 4. Suppose -4*j + 2*j = c. Let k be m(j). Let p(y) = 2*y - 3. Give p(k).
5
Let t(x) be the first derivative of -7*x + 1/2*x**2 + 3. Determine t(0).
-7
Let t(u) = u**2 + u. Let c(n) = -n**3 + n**2 + 2*n. Let x(j) = -c(j) - t(j). Calculate x(3).
0
Let f(j) = -33*j + 2 + 34*j - 6. Give f(2).
-2
Let a(z) = 2*z + 13 - 4*z - 17 + 2 - 6*z**2. Give a(-2).
-22
Let p(c) = -c - 6. Let r = -21 + 14. Calculate p(r).
1
Let y(i) be the second derivative of i**7/630 - i**6/360 - i**5/120 + 5*i**4/12 - 3*i. Let p(j) be the third derivative of y(j). Give p(-1).
5
Suppose 1 = -3*o + 4. Let f(s) = -3 - 4 + 4*s - 3*s**3 + o + 3*s**2 + 2*s**3. Suppose 0*t = t - 4. Give f(t).
-6
Let q(p) = p**2 - 13*p - 16. Let m be q(14). Let r(l) = 3*l**3 + 4*l**2 + l - 2. What is r(m)?
-12
Let i(p) = 4*p**2 - 3*p - 5*p**2 - 3 - 2*p. Let s be (-11)/(-2) - 2/(-4). Suppose 4*m - s*m = 4. Give i(m).
3
Let b = 20 - 4. Suppose -5*v + 20 = 0, -3*a + 3*v = -4*a + b. Suppose -3*q + y - 8 = 0, 5*q = 2*y - a*y - 17. Let g(j) = j**3 + 4*j**2 + 4*j + 1. Give g(q).
-2
Let l(i) = -i**2 - 3*i + 8 + 3 - i**3 - 13. Determine l(-2).
8
Let c(t) = -2*t**3 + 6*t**2 + 13. Let w be ((-2)/(-2))/((-2)/(-12)). Let b(y) = y**3 - 3*y**2 - 7. Let p(u) = w*c(u) + 11*b(u). What is p(2)?
5
Let i(q) = -q**2 + 4*q + 4. Let j(n) = -2*n - 6. Let y be j(-5). Determine i(y).
4
Let b(h) be the first derivative of 2/3*h**3 + h**2 + 4 + h. Let p be ((-1)/2)/((-1)/(-2)). Determine b(p).
1
Let k(o) = -5*o. Let g = 51 + -28. Suppose c + c + 6 = 2*p, 4*c - g = -3*p. Suppose 0*n = -4*n - 2*y + 4, -4*y = -5*n + p. What is k(n)?
-5
Let b(p) = p**3 + p**2 + p. Let d be (-9)/(-12) + 2/8. Let m(j) = -2*j**3 - 3*j**2 - 7*j - 3. Let y(v) = d*m(v) + 3*b(v). Calculate y(-2).
-3
Let k(y) = 3*y**3 + 2*y**2 - 1. Let f be 1*(-3)/((-3)/(-7)). Let h(c) = c + 6. Let r be h(f). Calculate k(r).
-2
Let a be 10/12 - (-26)/39. Let d(y) be the second derivative of y**3 + 0 + 1/12*y**4 + y + a*y**2. Determine d(-4).
-5
Let q(v) = -6*v + 5. Let u(i) = 12*i - 12. Let n(g) = -7*q(g) - 3*u(g). What is n(-1)?
-5
Let a be 9/5 - (-4)/20. Let y = -3 - -5. Let n(p) = -p**2 - y + 2*p**3 - p**3 - p + 2*p**2. Determine n(a).
8
Let y be 108/(-20) + 6/15. Let s(c) = -c**3 - 2*c**2 + 7*c + 4. Let z(k) = -k + 0*k - 1 + k**3 - 2*k**3. Let a(t) = y*z(t) - s(t). What is a(1)?
7
Let i(p) = p**2 - p + 3. Let k be (-4)/(-16) - 18/8. Let a(f) = f**2 - 2*f + 3. Let q(t) = k*i(t) + 3*a(t). Let v = -8 + 13. Give q(v).
8
Let v(u) = 4*u**2 - 2*u**2 + 10 - u**2. Determine v(0).
10
Let m(h) = -3*h - 2*h**2 - 8*h**3 + h**3 + 5*h**2 + 8*h**3. Give m(-4).
-4
Let p(k) = 5*k**2 - 9*k + 1. Let n(t) = -6*t**2 + 10*t - 1. Let b(d) = -6*n(d) - 7*p(d). Let u(l) = -3*l**2 - 8*l + 8*l - 1. Let s be u(1). Give b(s).
3
Let o = 2 + -5. Let u = 0 - o. Let a(r) = 7*r + 0*r**2 + 3 - 9 - u*r**2 + 2*r**2. Calculate a(4).
6
Suppose -w - 2 = 1. Let h be (3 - 1)*w/2. Let x(n) = -2*n**2 - 5*n - 2. Give x(h).
-5
Let g(b) be the second derivative of b**5/20 - b**4/3 - b**3 + 2*b**2 - 3*b. Let v = 6 - 3. Let y = v - -2. Calculate g(y).
-1
Let j(z) be the second derivative of -3/2*z**2 - 1/2*z**4 - 1/6*z**3 - 1/20*z**5 + 0 - 2*z. What is j(-6)?
3
Let w(o) = -4*o + 1. Let a(i) = 15*i - 4. Let m(t) = 2*a(t) + 9*w(t). Suppose -8 = -4*z - 64. Let u = z + 13. Determine m(u).
7
Let p(y) = -y**2 - 4*y - 6. Let g = -29 + 24. Determine p(g).
-11
Let k(b) = -3*b - 1. Suppose 5*g + 5*o = -5, 2*g - 4*o = o + 26. Let a be (g + -8)*(-2)/5. What is k(a)?
-7
Suppose -2*m + 1 = 3*s - 3*m, s + 13 = 3*m. Let p(t) be the first derivative of t**2 + t + 4. Determine p(s).
5
Let b(m) = -m**3 - 7*m**2 - 7*m - 3. Let i = -4 + 9. Suppose 0 = 2*o - 4*a + 12, 0*o - i*a = -4*o - 24. Calculate b(o).
3
Let z = 11 + -7. Let a(x) be the first derivative of x**2/2 - 2*x - 21. Give a(z).
2
Let a be (-3)/(-1 - 3/6). Let r(h) = h + 5*h**2 - 4*h**2 - 7*h**a + h**3 - 4. What is r(6)?
2
Let t(l) = l**3 + 11*l**2 - 12*l + 3. Let g be t(-12). Let q(o) = 2*o - 4. Determine q(g).
2
Let y(c) = 0 - 1 + 3 + 0 - c. Determine y(0).
2
Let q(c) = -c - 5. Let i = -10 + -2. Let z be (-27)/i*16/(-6). What is q(z)?
1
Let x(c) = 15*c**3 + 3*c**2 + 8*c - 7. Let n(o) = 7*o**3 + 2*o**2 + 4*o - 4. Let a(i) = 13*n(i) - 6*x(i). Determine a(-7).
11
Let l(a) = 3*a + 1. Suppose 0 = -2*q - 4. Let s be q/(6/1)*-3. What is l(s)?
4
Let t(f) = -4*f + 5. Let b(w) = 9*w - 11. Let v(a) = 2*b(a) + 5*t(a). Determine v(5).
-7
Suppose -2*z - 3*z = -2*d + 15, 15 = -z - 2*d. Suppose 5*y - 31 = -4*o, -5*o - 3*y + 29 = -0*o. Let x(m) = -m - o - 6*m + 4*m - m**2 + 11. Calculate x(z).
-3
Let u be 7/(-28) + 9/4. Let r(w) = -w**2 + 0*w**u - 1 + 2*w**2. Calculate r(1).
0
Let s(i) be the first derivative of -3*i**2/2 + 2*i - 2. Let d = 9 - 7. What is s(d)?
-4
Let d(w) = -2*w - 5. Let z be d(-5). Let y(s) = s**2 - 8*s. Calculate y(z).
-15
Let w(n) = 2*n - 1. Suppose -3*p - 26 + 5 = 0. What is w(p)?
-15
Let t be 2 + 0 + (-2)/(-2). Let s be t/((-12)/(-2))*4. Let u(f) = -f + 2 - 3*f + s*f. What is u(3)?
-4
Let w(a) be the third derivative of -1/15*a**5 + 0*a + a**2 - 1/2*a**3 - 1/8*a**4 + 0. What is w(-2)?
-13
Suppose -3*x = -5*l + 4, -l - 2 - 4 = -4*x. Let u(n) = 2*n**2 - n + 1. Calculate u(l).
7
Let u = 10 + -9. Suppose -2*k + 15 - u = 0. Let p(m) = -m**3 + 8*m**2 - 6*m - 4. Give p(k).
3
Let u(b) = -b**2 + 8*b - 8. Let q be u(6). Let a(g) = g**3 - 4*g**2 - 1. What is a(q)?
-1
Suppose 4*o + 15 = 4*f - 21, 27 = 5*f + o. Let s(d) = -2 - 1 + d**2 + 1 + f*d. Give s(-5).
-7
Suppose r = -2 + 3. Let f(z) be the second derivative of -z**5/10 + z**3/3 - z**2/2 + 92*z. Calculate f(r).
-1
Suppose -5*w - 1 + 16 = 0. Let b(m) be the first derivative of -m**4/4 + 2*m**3/3 + 3*m**2/2 - 3*m + 8. Calculate b(w).
-3
Let r(s) = s**2 - 6*s + 5. Let p be r(5). Suppose 4*n = -g - 7, g - n - 5 - 3 = p. Let m = g + -3. Let u(b) = -2*b + 2. Give u(m).
-2
Let f = 18 - 13. Let z(i) = -3*i + 7. Calculate z(f).
-8
Let y = -85 + 91. Let g(d) = d**3 - 7*d**2 + 3*d - 1. Calculate g(y).
-19
Suppose j - 5*j = 0. Let g(p) be the second derivative of -p**3/6 - p**2 - 2*p. Determine g(j).
-2
Let w(b) = -2*b**2 + 4*b + 5. Let s(n) = -3*n**2 + 8*n + 9. Let v(r) = -3*s(r) + 5*w(r). Suppose 3*i + d = -12, 4*i - i + 2